[INFO] cloning repository https://github.com/nestdotland/api
[INFO] running `Command { std: "git" "-c" "credential.helper=" "-c" "credential.helper=/workspace/cargo-home/bin/git-credential-null" "clone" "--bare" "https://github.com/nestdotland/api" "/workspace/cache/git-repos/https%3A%2F%2Fgithub.com%2Fnestdotland%2Fapi", kill_on_drop: false }`
[INFO] [stderr] Cloning into bare repository '/workspace/cache/git-repos/https%3A%2F%2Fgithub.com%2Fnestdotland%2Fapi'...
[INFO] running `Command { std: "git" "rev-parse" "HEAD", kill_on_drop: false }`
[INFO] [stdout] a10b355dcd6e83b4590eb094ef3d96af80a22dcf
[INFO] checking nestdotland/api against try#72f88fc4e9458f89516a0b8b0868f3718aec5b47 for pr-74989
[INFO] running `Command { std: "git" "clone" "/workspace/cache/git-repos/https%3A%2F%2Fgithub.com%2Fnestdotland%2Fapi" "/workspace/builds/worker-7/source", kill_on_drop: false }`
[INFO] [stderr] Cloning into '/workspace/builds/worker-7/source'...
[INFO] [stderr] done.
[INFO] validating manifest of git repo https://github.com/nestdotland/api on toolchain 72f88fc4e9458f89516a0b8b0868f3718aec5b47
[INFO] running `Command { std: "/workspace/cargo-home/bin/cargo" "+72f88fc4e9458f89516a0b8b0868f3718aec5b47" "read-manifest" "--manifest-path" "Cargo.toml", kill_on_drop: false }`
[INFO] started tweaking git repo https://github.com/nestdotland/api
[INFO] removed path dependency twig from git repo https://github.com/nestdotland/api
[INFO] finished tweaking git repo https://github.com/nestdotland/api
[INFO] tweaked toml for git repo https://github.com/nestdotland/api written to /workspace/builds/worker-7/source/Cargo.toml
[INFO] crate git repo https://github.com/nestdotland/api already has a lockfile, it will not be regenerated
[INFO] running `Command { std: "/workspace/cargo-home/bin/cargo" "+72f88fc4e9458f89516a0b8b0868f3718aec5b47" "fetch" "--locked" "--manifest-path" "Cargo.toml", kill_on_drop: false }`
[INFO] [stderr] warning: dependency (twig) specified without providing a local path, Git repository, or version to use. This will be considered an error in future versions
[INFO] [stderr]     Updating crates.io index
[INFO] [stderr]     Updating git repository `https://github.com/graphql-rust/juniper`
[INFO] [stderr] error: the lock file /workspace/builds/worker-7/source/Cargo.lock needs to be updated but --locked was passed to prevent this
[INFO] [stderr] If you want to try to generate the lock file without accessing the network, use the --offline flag.
[INFO] the lockfile is outdated, regenerating it
[INFO] running `Command { std: "/workspace/cargo-home/bin/cargo" "+72f88fc4e9458f89516a0b8b0868f3718aec5b47" "generate-lockfile" "--manifest-path" "Cargo.toml" "-Zno-index-update", kill_on_drop: false }`
[INFO] [stderr]     Blocking waiting for file lock on package cache
[INFO] [stderr]     Updating git repository `https://github.com/graphql-rust/juniper`
[INFO] running `Command { std: "/workspace/cargo-home/bin/cargo" "+72f88fc4e9458f89516a0b8b0868f3718aec5b47" "fetch" "--locked" "--manifest-path" "Cargo.toml", kill_on_drop: false }`
[INFO] [stderr] warning: dependency (twig) specified without providing a local path, Git repository, or version to use. This will be considered an error in future versions
[INFO] [stderr]     Blocking waiting for file lock on package cache
[INFO] [stderr]  Downloading crates ...
[INFO] [stderr]   Downloaded wasm-bindgen-macro-support v0.2.68
[INFO] [stderr]   Downloaded refinery-macros v0.3.0
[INFO] [stderr]   Downloaded actix-service v1.0.6
[INFO] [stderr]   Downloaded postgres-types v0.1.2
[INFO] [stderr]   Downloaded hex v0.4.2
[INFO] [stderr]   Downloaded tokio-postgres v0.5.5
[INFO] [stderr]   Downloaded reqwest v0.10.8
[INFO] [stderr]   Downloaded derive_more v0.99.10
[INFO] [stderr]   Downloaded miniz_oxide v0.4.2
[INFO] [stderr]   Downloaded derive_utils v0.10.0
[INFO] [stderr]   Downloaded graphql-parser v0.3.0
[INFO] [stderr]   Downloaded digest v0.9.0
[INFO] [stderr]   Downloaded actix_derive v0.5.0
[INFO] [stderr]   Downloaded h2 v0.2.6
[INFO] [stderr]   Downloaded addr2line v0.13.0
[INFO] [stderr]   Downloaded ahash v0.3.8
[INFO] [stderr]   Downloaded actix-macros v0.1.2
[INFO] [stderr]   Downloaded refinery-core v0.3.1
[INFO] [stderr]   Downloaded actix-codec v0.3.0
[INFO] [stderr]   Downloaded threadpool v1.8.1
[INFO] [stderr]   Downloaded sanitize-filename v0.2.1
[INFO] [stderr]   Downloaded widestring v0.4.2
[INFO] [stderr]   Downloaded chrono v0.4.15
[INFO] [stderr]   Downloaded unchecked-index v0.2.2
[INFO] [stderr]   Downloaded flate2 v1.0.17
[INFO] [stderr]   Downloaded copyless v0.1.5
[INFO] [stderr]   Downloaded enum-as-inner v0.3.3
[INFO] [stderr]   Downloaded backtrace v0.3.50
[INFO] [stderr]   Downloaded actix-threadpool v0.3.3
[INFO] [stderr]   Downloaded hyper v0.13.7
[INFO] [stderr]   Downloaded static_assertions v1.1.0
[INFO] [stderr]   Downloaded tokio v0.2.22
[INFO] [stderr]   Downloaded encoding_rs v0.8.24
[INFO] [stderr]   Downloaded socket2 v0.3.15
[INFO] [stderr]   Downloaded cloudabi v0.1.0
[INFO] [stderr]   Downloaded find-crate v0.6.1
[INFO] [stderr]   Downloaded actix-utils v1.0.6
[INFO] [stderr]   Downloaded postgres_array v0.10.0
[INFO] [stderr]   Downloaded smallvec v1.4.2
[INFO] [stderr]   Downloaded proc-macro-hack v0.5.18
[INFO] [stderr]   Downloaded proc-macro-error-attr v1.0.4
[INFO] [stderr]   Downloaded wasm-bindgen-shared v0.2.68
[INFO] [stderr]   Downloaded actix-rt v1.1.1
[INFO] [stderr]   Downloaded actix-cors v0.2.0
[INFO] [stderr]   Downloaded wasm-bindgen v0.2.68
[INFO] [stderr]   Downloaded synstructure v0.12.4
[INFO] [stderr]   Downloaded wasm-bindgen-backend v0.2.68
[INFO] [stderr]   Downloaded refinery v0.3.0
[INFO] [stderr]   Downloaded tracing-core v0.1.16
[INFO] [stderr]   Downloaded actix-testing v1.0.1
[INFO] [stderr]   Downloaded object v0.20.0
[INFO] [stderr]   Downloaded pin-project-internal v0.4.23
[INFO] [stderr]   Downloaded futures-enum v0.1.14
[INFO] [stderr]   Downloaded const-random v0.1.8
[INFO] [stderr]   Downloaded actix-multipart v0.2.0
[INFO] [stderr]   Downloaded dashmap v3.11.10
[INFO] [stderr]   Downloaded twoway v0.2.1
[INFO] [stderr]   Downloaded actix-utils v2.0.0
[INFO] [stderr]   Downloaded lock_api v0.4.1
[INFO] [stderr]   Downloaded sha1 v0.1.1
[INFO] [stderr]   Downloaded gimli v0.22.0
[INFO] [stderr]   Downloaded bson v1.1.0
[INFO] [stderr]   Downloaded sha2 v0.9.1
[INFO] [stderr]   Downloaded instant v0.1.6
[INFO] [stderr]   Downloaded generic-array v0.14.4
[INFO] [stderr]   Downloaded siphasher v0.3.3
[INFO] [stderr]   Downloaded net2 v0.2.35
[INFO] [stderr]   Downloaded uuid v0.1.18
[INFO] [stderr]   Downloaded actix-ratelimit v0.2.1
[INFO] [stderr]   Downloaded ipconfig v0.2.2
[INFO] [stderr]   Downloaded crypto-mac v0.8.0
[INFO] [stderr]   Downloaded bytestring v0.1.5
[INFO] [stderr]   Downloaded actix-server v1.0.4
[INFO] [stderr]   Downloaded actix-web-codegen v0.2.2
[INFO] [stderr]   Downloaded actix-connect v1.0.2
[INFO] [stderr]   Downloaded adler v0.2.3
[INFO] [stderr]   Downloaded ipnet v2.3.0
[INFO] [stderr]   Downloaded cpuid-bool v0.1.2
[INFO] [stderr]   Downloaded web-sys v0.3.45
[INFO] [stderr]   Downloaded ppv-lite86 v0.2.9
[INFO] [stderr]   Downloaded md5 v0.7.0
[INFO] [stderr]   Downloaded bytes v0.5.6
[INFO] [stderr]   Downloaded wasm-bindgen-macro v0.2.68
[INFO] [stderr]   Downloaded pin-project v0.4.23
[INFO] [stderr]   Downloaded version_check v0.9.2
[INFO] [stderr]   Downloaded hashbrown v0.9.0
[INFO] [stderr]   Downloaded hyper-tls v0.4.3
[INFO] [stderr]   Downloaded js-sys v0.3.45
[INFO] [stderr]   Downloaded twig v0.1.0
[INFO] [stderr]   Downloaded little v0.3.0
[INFO] [stderr]   Downloaded const-random-macro v0.1.8
[INFO] [stderr]   Downloaded opaque-debug v0.3.0
[INFO] [stderr]   Downloaded stringprep v0.1.2
[INFO] [stderr]   Downloaded proc-macro-error v1.0.4
[INFO] [stderr]   Downloaded winreg v0.7.0
[INFO] [stderr]   Downloaded parking_lot_core v0.8.0
[INFO] [stderr]   Downloaded phf_shared v0.8.0
[INFO] [stderr]   Downloaded hmac v0.8.1
[INFO] [stderr]   Downloaded actix v0.9.0
[INFO] [stderr]   Downloaded actix-router v0.2.4
[INFO] [stderr]   Downloaded resolv-conf v0.6.3
[INFO] [stderr]   Downloaded parking_lot v0.11.0
[INFO] [stderr]   Downloaded fallible-iterator v0.2.0
[INFO] [stderr]   Downloaded block-buffer v0.9.0
[INFO] [stderr]   Downloaded postgres-protocol v0.5.2
[INFO] [stderr]   Downloaded postgres-derive v0.4.0
[INFO] [stderr]   Downloaded wasm-bindgen-futures v0.4.18
[INFO] [stderr]   Downloaded proc-macro-nested v0.1.6
[INFO] [stderr]   Downloaded phf v0.8.0
[INFO] [stderr]   Downloaded subtle v2.3.0
[INFO] [stderr]   Downloaded indexmap v1.6.0
[INFO] [stderr]   Downloaded signal-hook-registry v1.2.1
[INFO] [stderr]   Downloaded try-lock v0.2.3
[INFO] [stderr]   Downloaded openssl v0.10.30
[INFO] running `Command { std: "docker" "create" "-v" "/var/lib/crater-agent-workspace/builds/worker-7/target:/opt/rustwide/target:rw,Z" "-v" "/var/lib/crater-agent-workspace/builds/worker-7/source:/opt/rustwide/workdir:ro,Z" "-v" "/var/lib/crater-agent-workspace/cargo-home:/opt/rustwide/cargo-home:ro,Z" "-v" "/var/lib/crater-agent-workspace/rustup-home:/opt/rustwide/rustup-home:ro,Z" "-e" "SOURCE_DIR=/opt/rustwide/workdir" "-e" "CARGO_TARGET_DIR=/opt/rustwide/target" "-e" "CARGO_HOME=/opt/rustwide/cargo-home" "-e" "RUSTUP_HOME=/opt/rustwide/rustup-home" "-w" "/opt/rustwide/workdir" "-m" "1610612736" "--user" "0:0" "--network" "none" "rustops/crates-build-env@sha256:d92eaeed33fa75130ca1ee6c8a01d1ffb62bac859dfdfb3450e3e5d1c0146529" "/opt/rustwide/cargo-home/bin/cargo" "+72f88fc4e9458f89516a0b8b0868f3718aec5b47" "metadata" "--no-deps" "--format-version=1", kill_on_drop: false }`
[INFO] [stdout] 917ee918f00488fc3c808d69f26fb5f5abf29d2e7cea13b01ec11c58ed9db375
[INFO] [stderr] WARNING: Your kernel does not support swap limit capabilities or the cgroup is not mounted. Memory limited without swap.
[INFO] running `Command { std: "docker" "start" "-a" "917ee918f00488fc3c808d69f26fb5f5abf29d2e7cea13b01ec11c58ed9db375", kill_on_drop: false }`
[INFO] running `Command { std: "docker" "inspect" "917ee918f00488fc3c808d69f26fb5f5abf29d2e7cea13b01ec11c58ed9db375", kill_on_drop: false }`
[INFO] running `Command { std: "docker" "rm" "-f" "917ee918f00488fc3c808d69f26fb5f5abf29d2e7cea13b01ec11c58ed9db375", kill_on_drop: false }`
[INFO] [stdout] 917ee918f00488fc3c808d69f26fb5f5abf29d2e7cea13b01ec11c58ed9db375
[INFO] running `Command { std: "docker" "create" "-v" "/var/lib/crater-agent-workspace/builds/worker-7/target:/opt/rustwide/target:rw,Z" "-v" "/var/lib/crater-agent-workspace/builds/worker-7/source:/opt/rustwide/workdir:ro,Z" "-v" "/var/lib/crater-agent-workspace/cargo-home:/opt/rustwide/cargo-home:ro,Z" "-v" "/var/lib/crater-agent-workspace/rustup-home:/opt/rustwide/rustup-home:ro,Z" "-e" "SOURCE_DIR=/opt/rustwide/workdir" "-e" "CARGO_TARGET_DIR=/opt/rustwide/target" "-e" "CARGO_INCREMENTAL=0" "-e" "RUST_BACKTRACE=full" "-e" "RUSTFLAGS=--cap-lints=forbid" "-e" "CARGO_HOME=/opt/rustwide/cargo-home" "-e" "RUSTUP_HOME=/opt/rustwide/rustup-home" "-w" "/opt/rustwide/workdir" "-m" "1610612736" "--user" "0:0" "--network" "none" "rustops/crates-build-env@sha256:d92eaeed33fa75130ca1ee6c8a01d1ffb62bac859dfdfb3450e3e5d1c0146529" "/opt/rustwide/cargo-home/bin/cargo" "+72f88fc4e9458f89516a0b8b0868f3718aec5b47" "check" "--frozen" "--all" "--all-targets" "--message-format=json", kill_on_drop: false }`
[INFO] [stdout] 81f13c83a178318293777e9002e3dc485349f4118590fc43c7edf48c609e4cc4
[INFO] [stderr] WARNING: Your kernel does not support swap limit capabilities or the cgroup is not mounted. Memory limited without swap.
[INFO] running `Command { std: "docker" "start" "-a" "81f13c83a178318293777e9002e3dc485349f4118590fc43c7edf48c609e4cc4", kill_on_drop: false }`
[INFO] [stderr] warning: dependency (twig) specified without providing a local path, Git repository, or version to use. This will be considered an error in future versions
[INFO] [stderr]     Blocking waiting for file lock on package cache
[INFO] [stderr]    Compiling proc-macro2 v1.0.21
[INFO] [stderr]    Compiling syn v1.0.41
[INFO] [stderr]    Compiling autocfg v1.0.1
[INFO] [stderr]    Compiling log v0.4.11
[INFO] [stderr]    Compiling getrandom v0.1.15
[INFO] [stderr]    Compiling serde_derive v1.0.116
[INFO] [stderr]     Checking slab v0.4.2
[INFO] [stderr]    Compiling serde v1.0.116
[INFO] [stderr]     Checking fnv v1.0.7
[INFO] [stderr]     Checking pin-utils v0.1.0
[INFO] [stderr]    Compiling byteorder v1.3.4
[INFO] [stderr]     Checking itoa v0.4.6
[INFO] [stderr]    Compiling cfg-if v0.1.10
[INFO] [stderr]     Checking smallvec v1.4.2
[INFO] [stderr]     Checking matches v0.1.8
[INFO] [stderr]     Checking tinyvec v0.3.4
[INFO] [stderr]     Checking scopeguard v1.1.0
[INFO] [stderr]    Compiling serde_json v1.0.57
[INFO] [stderr]    Compiling cc v1.0.59
[INFO] [stderr]     Checking ppv-lite86 v0.2.9
[INFO] [stderr]     Checking hashbrown v0.9.0
[INFO] [stderr]     Checking percent-encoding v2.1.0
[INFO] [stderr]     Checking either v1.6.0
[INFO] [stderr]     Checking rustc-demangle v0.1.16
[INFO] [stderr]    Compiling unicode-segmentation v1.6.0
[INFO] [stderr]     Checking quick-error v1.2.3
[INFO] [stderr]    Compiling futures-core v0.3.5
[INFO] [stderr]    Compiling encoding_rs v0.8.24
[INFO] [stderr]    Compiling futures-sink v0.3.5
[INFO] [stderr]     Checking mime v0.3.16
[INFO] [stderr]    Compiling lazy_static v1.4.0
[INFO] [stderr]    Compiling once_cell v1.4.1
[INFO] [stderr]    Compiling bytes v0.5.6
[INFO] [stderr]     Checking language-tags v0.2.2
[INFO] [stderr]    Compiling futures-io v0.3.5
[INFO] [stderr]    Compiling opaque-debug v0.3.0
[INFO] [stderr]     Checking sha1 v0.6.0
[INFO] [stderr]    Compiling cpuid-bool v0.1.2
[INFO] [stderr]    Compiling arc-swap v0.4.7
[INFO] [stderr]    Compiling winapi-build v0.1.1
[INFO] [stderr]    Compiling pin-project-lite v0.1.7
[INFO] [stderr]    Compiling fallible-iterator v0.2.0
[INFO] [stderr]    Compiling md5 v0.7.0
[INFO] [stderr]    Compiling base64 v0.12.3
[INFO] [stderr]     Checking foreign-types-shared v0.1.1
[INFO] [stderr]    Compiling siphasher v0.3.3
[INFO] [stderr]    Compiling instant v0.1.6
[INFO] [stderr]     Checking winapi v0.2.8
[INFO] [stderr]    Compiling maybe-uninit v2.0.0
[INFO] [stderr]     Checking openssl-probe v0.1.2
[INFO] [stderr]     Checking try-lock v0.2.3
[INFO] [stderr]    Compiling regex-syntax v0.6.18
[INFO] [stderr]     Checking same-file v1.0.6
[INFO] [stderr]     Checking regex-syntax v0.3.9
[INFO] [stderr]     Checking hex v0.4.2
[INFO] [stderr]     Checking unchecked-index v0.2.2
[INFO] [stderr]     Checking byteorder v0.4.2
[INFO] [stderr]     Checking rustc-serialize v0.3.24
[INFO] [stderr]     Checking utf8-ranges v0.1.3
[INFO] [stderr]     Checking static_assertions v1.1.0
[INFO] [stderr]     Checking termcolor v1.1.0
[INFO] [stderr]     Checking ipnet v2.3.0
[INFO] [stderr]     Checking dotenv v0.15.0
[INFO] [stderr]     Checking tracing-core v0.1.16
[INFO] [stderr]    Compiling generic-array v0.14.4
[INFO] [stderr]    Compiling unicase v2.6.0
[INFO] [stderr]    Compiling proc-macro-error-attr v1.0.4
[INFO] [stderr]    Compiling proc-macro-error v1.0.4
[INFO] [stderr]     Checking lock_api v0.4.1
[INFO] [stderr]     Checking lock_api v0.3.4
[INFO] [stderr]     Checking unicode-bidi v0.3.4
[INFO] [stderr]     Checking http v0.2.1
[INFO] [stderr]     Checking unicode-normalization v0.1.13
[INFO] [stderr]     Checking humantime v1.3.0
[INFO] [stderr]    Compiling futures-channel v0.3.5
[INFO] [stderr]    Compiling thread_local v1.0.1
[INFO] [stderr]    Compiling futures-task v0.3.5
[INFO] [stderr]    Compiling indexmap v1.6.0
[INFO] [stderr]    Compiling num-traits v0.2.12
[INFO] [stderr]    Compiling num-integer v0.1.43
[INFO] [stderr]    Compiling miniz_oxide v0.4.2
[INFO] [stderr]    Compiling crossbeam-utils v0.7.2
[INFO] [stderr]    Compiling heck v0.3.1
[INFO] [stderr]     Checking foreign-types v0.3.2
[INFO] [stderr]    Compiling kernel32-sys v0.2.2
[INFO] [stderr]    Compiling phf_shared v0.8.0
[INFO] [stderr]     Checking walkdir v2.3.1
[INFO] [stderr]    Compiling libc v0.2.77
[INFO] [stderr]    Compiling memchr v2.3.3
[INFO] [stderr]    Compiling proc-macro-nested v0.1.6
[INFO] [stderr]    Compiling ryu v1.0.5
[INFO] [stderr]     Checking crc32fast v1.2.0
[INFO] [stderr]     Checking iovec v0.1.4
[INFO] [stderr]     Checking net2 v0.2.35
[INFO] [stderr]     Checking signal-hook-registry v1.2.1
[INFO] [stderr]     Checking parking_lot_core v0.8.0
[INFO] [stderr]     Checking time v0.1.44
[INFO] [stderr]     Checking num_cpus v1.13.0
[INFO] [stderr]     Checking socket2 v0.3.15
[INFO] [stderr]     Checking hostname v0.3.1
[INFO] [stderr]     Checking parking_lot_core v0.7.2
[INFO] [stderr]     Checking memchr v0.1.11
[INFO] [stderr]     Checking atty v0.2.14
[INFO] [stderr]     Checking phf v0.8.0
[INFO] [stderr]     Checking twoway v0.2.1
[INFO] [stderr]     Checking tracing v0.1.19
[INFO] [stderr]     Checking want v0.3.0
[INFO] [stderr]     Checking log v0.3.9
[INFO] [stderr]    Compiling aho-corasick v0.7.13
[INFO] [stderr]    Compiling brotli-sys v0.3.2
[INFO] [stderr]    Compiling openssl-sys v0.9.58
[INFO] [stderr]     Checking idna v0.2.0
[INFO] [stderr]     Checking stringprep v0.1.2
[INFO] [stderr]     Checking fxhash v0.2.1
[INFO] [stderr]     Checking combine v3.8.1
[INFO] [stderr]     Checking sha1 v0.1.1
[INFO] [stderr]    Compiling quote v1.0.7
[INFO] [stderr]     Checking resolv-conf v0.6.3
[INFO] [stderr]     Checking rand_core v0.5.1
[INFO] [stderr]     Checking mio v0.6.22
[INFO] [stderr]     Checking threadpool v1.8.1
[INFO] [stderr]     Checking aho-corasick v0.5.3
[INFO] [stderr]     Checking parking_lot v0.11.0
[INFO] [stderr]     Checking parking_lot v0.10.2
[INFO] [stderr]     Checking little v0.3.0
[INFO] [stderr]    Compiling mime_guess v2.0.3
[INFO] [stderr]     Checking digest v0.9.0
[INFO] [stderr]     Checking block-buffer v0.9.0
[INFO] [stderr]     Checking crypto-mac v0.8.0
[INFO] [stderr]     Checking http-body v0.3.1
[INFO] [stderr]     Checking backtrace v0.3.50
[INFO] [stderr]     Checking flate2 v1.0.17
[INFO] [stderr]    Compiling const-random-macro v0.1.8
[INFO] [stderr]     Checking url v2.1.1
[INFO] [stderr]     Checking uuid v0.1.18
[INFO] [stderr]     Checking crossbeam-channel v0.4.4
[INFO] [stderr]     Checking rand_chacha v0.2.2
[INFO] [stderr]     Checking sanitize-filename v0.2.1
[INFO] [stderr]     Checking env_logger v0.7.1
[INFO] [stderr]    Compiling regex v1.3.9
[INFO] [stderr]     Checking thread-id v2.0.0
[INFO] [stderr]     Checking hmac v0.8.1
[INFO] [stderr]     Checking sha2 v0.9.1
[INFO] [stderr]    Compiling openssl v0.10.30
[INFO] [stderr]    Compiling native-tls v0.2.4
[INFO] [stderr]     Checking mio-uds v0.6.8
[INFO] [stderr]     Checking rand v0.7.3
[INFO] [stderr]     Checking const-random v0.1.8
[INFO] [stderr]     Checking thread_local v0.2.7
[INFO] [stderr]     Checking chrono v0.4.15
[INFO] [stderr]     Checking tokio v0.2.22
[INFO] [stderr]     Checking ahash v0.3.8
[INFO] [stderr]     Checking regex v0.1.80
[INFO] [stderr]     Checking dashmap v3.11.10
[INFO] [stderr]     Checking postgres-protocol v0.5.2
[INFO] [stderr]     Checking uuid v0.8.1
[INFO] [stderr]     Checking twig v0.1.0
[INFO] [stderr]     Checking brotli2 v0.3.2
[INFO] [stderr]     Checking tokio-util v0.3.1
[INFO] [stderr]     Checking tokio-util v0.2.0
[INFO] [stderr]     Checking tokio-tls v0.3.1
[INFO] [stderr]     Checking actix-codec v0.2.0
[INFO] [stderr]    Compiling synstructure v0.12.4
[INFO] [stderr]    Compiling derive_utils v0.10.0
[INFO] [stderr]    Compiling pin-project-internal v0.4.23
[INFO] [stderr]    Compiling futures-macro v0.3.5
[INFO] [stderr]    Compiling async-trait v0.1.40
[INFO] [stderr]    Compiling derive_more v0.99.10
[INFO] [stderr]    Compiling actix-macros v0.1.2
[INFO] [stderr]    Compiling failure_derive v0.1.8
[INFO] [stderr]    Compiling enum-as-inner v0.3.3
[INFO] [stderr]    Compiling postgres-derive v0.4.0
[INFO] [stderr]    Compiling thiserror-impl v1.0.20
[INFO] [stderr]    Compiling actix-web-codegen v0.2.2
[INFO] [stderr]    Compiling actix_derive v0.5.0
[INFO] [stderr]    Compiling juniper_codegen v0.14.2 (https://github.com/graphql-rust/juniper?branch=master#8b79f5b1)
[INFO] [stderr]     Checking failure v0.1.8
[INFO] [stderr]     Checking thiserror v1.0.20
[INFO] [stderr]     Checking graphql-parser v0.3.0
[INFO] [stderr]     Checking pin-project v0.4.23
[INFO] [stderr]     Checking futures-util v0.3.5
[INFO] [stderr]     Checking actix-codec v0.3.0
[INFO] [stderr]     Checking actix-threadpool v0.3.3
[INFO] [stderr]    Compiling futures-executor v0.3.5
[INFO] [stderr]     Checking actix-service v1.0.6
[INFO] [stderr]     Checking actix-rt v1.1.1
[INFO] [stderr]    Compiling futures v0.3.5
[INFO] [stderr]     Checking trust-dns-proto v0.18.0-alpha.2
[INFO] [stderr]     Checking actix-utils v1.0.6
[INFO] [stderr]     Checking actix-utils v2.0.0
[INFO] [stderr]     Checking actix-server v1.0.4
[INFO] [stderr]     Checking actix-tls v1.0.0
[INFO] [stderr]     Checking actix-testing v1.0.1
[INFO] [stderr]     Checking trust-dns-resolver v0.18.0-alpha.2
[INFO] [stderr]     Checking serde_urlencoded v0.6.1
[INFO] [stderr]     Checking actix-router v0.2.4
[INFO] [stderr]     Checking toml v0.5.6
[INFO] [stderr]     Checking actix-connect v1.0.2
[INFO] [stderr]     Checking h2 v0.2.6
[INFO] [stderr]     Checking postgres-types v0.1.2
[INFO] [stderr]     Checking bson v1.1.0
[INFO] [stderr]    Compiling find-crate v0.6.1
[INFO] [stderr]     Checking tokio-postgres v0.5.5
[INFO] [stderr]     Checking postgres_array v0.10.0
[INFO] [stderr]    Compiling futures-enum v0.1.14
[INFO] [stderr]     Checking refinery-core v0.3.1
[INFO] [stderr]     Checking juniper v0.14.2 (https://github.com/graphql-rust/juniper?branch=master#8b79f5b1)
[INFO] [stderr]     Checking actix-http v1.0.1
[INFO] [stderr]     Checking hyper v0.13.7
[INFO] [stderr]    Compiling refinery-macros v0.3.0
[INFO] [stderr]     Checking awc v1.0.1
[INFO] [stderr]     Checking actix v0.9.0
[INFO] [stderr]     Checking hyper-tls v0.4.3
[INFO] [stderr]     Checking actix-web v2.0.0
[INFO] [stderr]     Checking reqwest v0.10.8
[INFO] [stderr]     Checking refinery v0.3.0
[INFO] [stderr]     Checking actix-cors v0.2.0
[INFO] [stderr]     Checking actix-ratelimit v0.2.1
[INFO] [stderr]     Checking actix-multipart v0.2.0
[INFO] [stderr]     Checking nest-api-rust v0.1.0 (/opt/rustwide/workdir)
[INFO] [stdout] error[E0432]: unresolved import `twig::tx`
[INFO] [stdout]   --> src/main.rs:17:11
[INFO] [stdout]    |
[INFO] [stdout] 17 | use twig::tx::PostTx;
[INFO] [stdout]    |           ^^ could not find `tx` in `twig`
[INFO] [stdout] 
[INFO] [stdout] 
[INFO] [stdout] error[E0432]: unresolved import `twig::tx`
[INFO] [stdout]   --> src/main.rs:17:11
[INFO] [stdout]    |
[INFO] [stdout] 17 | use twig::tx::PostTx;
[INFO] [stdout]    |           ^^ could not find `tx` in `twig`
[INFO] [stdout] 
[INFO] [stdout] 
[INFO] [stdout] error[E0433]: failed to resolve: could not find `tx` in `twig`
[INFO] [stdout]   --> src/main.rs:64:28
[INFO] [stdout]    |
[INFO] [stdout] 64 |   pub wallet: Option<twig::tx::Wallet>,
[INFO] [stdout]    |                            ^^ could not find `tx` in `twig`
[INFO] [stdout] 
[INFO] [stdout] 
[INFO] [stdout] error[E0433]: failed to resolve: could not find `tx` in `twig`
[INFO] [stdout]   --> src/main.rs:64:28
[INFO] [stdout]    |
[INFO] [stdout] 64 |   pub wallet: Option<twig::tx::Wallet>,
[INFO] [stdout]    |                            ^^ could not find `tx` in `twig`
[INFO] [stdout] 
[INFO] [stdout] 
[INFO] [stdout] error[E0433]: failed to resolve: could not find `tx` in `twig`
[INFO] [stdout]    --> src/main.rs:144:37
[INFO] [stdout]     |
[INFO] [stdout] 144 |       let tx_result: PostTx = twig::tx::tx(
[INFO] [stdout]     |                                     ^^ could not find `tx` in `twig`
[INFO] [stdout] 
[INFO] [stdout] 
[INFO] [stdout] error[E0433]: failed to resolve: could not find `tx` in `twig`
[INFO] [stdout]    --> src/main.rs:144:37
[INFO] [stdout]     |
[INFO] [stdout] 144 |       let tx_result: PostTx = twig::tx::tx(
[INFO] [stdout]     |                                     ^^ could not find `tx` in `twig`
[INFO] [stdout] 
[INFO] [stdout] 
[INFO] [stdout] error: aborting due to 3 previous errors
[INFO] [stdout] 
[INFO] [stdout] 
[INFO] [stdout] Some errors have detailed explanations: E0432, E0433.
[INFO] [stdout] 
[INFO] [stdout] For more information about an error, try `rustc --explain E0432`.
[INFO] [stdout] 
[INFO] [stderr] error: could not compile `nest-api-rust`.
[INFO] [stderr] 
[INFO] [stderr] To learn more, run the command again with --verbose.
[INFO] [stderr] warning: build failed, waiting for other jobs to finish...
[INFO] [stdout] error: aborting due to 3 previous errors
[INFO] [stdout] 
[INFO] [stdout] 
[INFO] [stdout] Some errors have detailed explanations: E0432, E0433.
[INFO] [stdout] 
[INFO] [stdout] For more information about an error, try `rustc --explain E0432`.
[INFO] [stdout] 
[INFO] [stderr] error: build failed
[INFO] running `Command { std: "docker" "inspect" "81f13c83a178318293777e9002e3dc485349f4118590fc43c7edf48c609e4cc4", kill_on_drop: false }`
[INFO] running `Command { std: "docker" "rm" "-f" "81f13c83a178318293777e9002e3dc485349f4118590fc43c7edf48c609e4cc4", kill_on_drop: false }`
[INFO] [stdout] 81f13c83a178318293777e9002e3dc485349f4118590fc43c7edf48c609e4cc4
